or of x and 80.
16
Suppose -2*q = -0*q. Suppose 7*k - 2*a - 546 = 2*k, q = -5*k + 3*a + 544. Suppose -6 + 46 = 4*b. Calculate the highest common factor of b and k.
10
Let h(b) = b**2 - b + 1. Let m be h(-3). Calculate the highest common factor of m and 26.
13
Let b be (96 - 101) + 3/(6/88). Let x = 14 - 1. What is the highest common factor of b and x?
13
Suppose -4*m + 0*m + 3*c + 25 = 0, 5*m - 4*c - 32 = 0. Calculate the highest common factor of 8 and m.
4
Let k = -11 - -17. What is the greatest common factor of 42 and k?
6
Let m = 13 - 5. Suppose -3*j + 13 = -m. Suppose 0 = q - 2*v - 20 - 19, 3*q = 3*v + 132. What is the highest common factor of q and j?
7
Let b = -3 + 8. Let y = 8 - b. Suppose 8*o - y*o - 5 = 0. Calculate the highest common factor of o and 1.
1
Let j(z) = -z**2 + 2*z + 5 + 3*z**2 - 2. Let l be j(-2). What is the greatest common factor of l and 21?
7
Let w = 6 - 7. Let p be (42/49)/(w/(-49)). Calculate the highest common divisor of p and 28.
14
Let r be (-18)/4*(-60)/27. Calculate the greatest common factor of r and 10.
10
Let z be -98*2/(-1 + -1). What is the highest common divisor of 14 and z?
14
Let y = 68 + -64. Calculate the highest common divisor of 4 and y.
4
Let n = 11 - -1. Let h(x) = x**2 + 7*x. Let a = -11 + 3. Let q be h(a). What is the highest common divisor of n and q?
4
Suppose -v - 9 = k - 3*k, 3*v = -k + 8. Calculate the highest common divisor of k and 1.
1
Let f be (5/10)/1*4. What is the greatest common factor of 14 and f?
2
Suppose 0 = p + 3*x - 5, -10 = 5*x. Let t(v) = 34*v - 3. Let o be t(3). Calculate the greatest common divisor of o and p.
11
Let g be ((-2)/3)/(2/(-48)). Let d(u) = -2*u**3 - 6*u**2 + 31*u + 132. Let x be d(-4). What is the highest common divisor of g and x?
8
Suppose -4*g = 4*w - 104, g = 4*w - 0*w + 36. Let v be g/3 + 3/(-9). Suppose 0 = 4*z - 311 - v. What is the highest common divisor of 32 and z?
16
Let j be 1/(-2 + 195/96). What is the highest common factor of j and 256?
32
Let l be (-6)/(-8) + 2/8. Let g = 22 - 11. Calculate the highest common divisor of g and l.
1
Let c be 20/(-6)*(-54)/15. Suppose -o + 90 = 5*a, -3*o = 3*a + 2*o - 32. Let l = a - c. What is the highest common divisor of l and 21?
7
Suppose 8*i - 954 = 1734. What is the highest common factor of 42 and i?
42
Let v(z) = -41*z + 7. Let a be v(-4). What is the highest common factor of 19 and a?
19
Let f = 8 + -8. Let t(s) = 359*s - 2. Let u be t(2). Suppose 5*c - u + 166 = f. What is the highest common factor of c and 10?
10
Let s = 15 - -6. Suppose -14 = -4*w + 3*w. What is the greatest common factor of s and w?
7
Suppose 4*a - 13 + 3 = 5*j, 0 = 4*a - j - 18. Suppose -4*l - a*d = -136, 4*l + d = 3*l + 35. Calculate the greatest common divisor of l and 26.
13
Suppose 3*v = -0*v + 108. Calculate the highest common divisor of v and 12.
12
Let c = 0 + 5. Suppose 4*p - 39 = c. What is the highest common divisor of 11 and p?
11
Let n(a) = -a**2 + 7*a + 8. Let b be n(7). Suppose 2*v - 40 = -2*v. Let u be 2254/35 - 4/v. What is the greatest common divisor of b and u?
8
Suppose -3 = 5*g - 8. Let z be (0 + g + 4)/1. Suppose 3*q - 362 = -5*c + 3*c, 3*c = -z*q + 541. What is the greatest common divisor of 17 and c?
17
Suppose 12 + 3 = 5*l. Suppose 2*c - 3*b - 297 = -c, l*c + 5*b = 337. What is the highest common factor of 26 and c?
26
Suppose -x - 22 = -3*x. Suppose -3*f = 9, -23 = -s + f + 134. Let m be 0/2 + s/2. What is the greatest common factor of x and m?
11
Suppose -4*m + 16 = 3*a - 0*a, 2*m = a + 18. Suppose -2*t = -7*t + 210. What is the greatest common divisor of t and m?
7
Let i be 10*(1 + -4 - -4). What is the greatest common divisor of i and 25?
5
Suppose -w + 3 = -3*z + 15, 3*z - 12 = -5*w. Suppose 0 = -3*k - w*k + 231. Calculate the highest common divisor of 7 and k.
7
Suppose -4 = 5*v + 16. Let z(i) = -5*i. Let j be z(v). What is the highest common divisor of 8 and j?
4
Let a(z) = -2*z + 9. Let x be (-182)/(-49) - (-4)/14. Let c be a(x). Calculate the highest common factor of 2 and c.
1
Let y be (-3 + (-9 - 2))*-5. What is the highest common factor of y and 56?
14
Let z = 37 + -21. Calculate the highest common divisor of 16 and z.
16
Let z = -8 + 5. Let f be -1 + z/(-1) + 38. What is the greatest common divisor of f and 10?
10
Let f be (-10)/(-6)*(2 + 4). Calculate the highest common factor of 2 and f.
2
Let h(j) = 4 + 5*j**2 - 3 + 0 - j - 2*j**2. Let d be h(-2). Calculate the greatest common divisor of d and 10.
5
Suppose -3*o = -6*o - 75. Let p = -11 - o. Let i be (p/(-4))/((-1)/2). Calculate the highest common factor of i and 21.
7
Let t = -9 - -10. What is the greatest common divisor of 2 and t?
1
Let k be (-2)/(-4) - 63/(-6). Let l be (12/3)/(8/28). Let c = -3 + l. Calculate the greatest common divisor of k and c.
11
Let j be (15 - -2)/(3/24). Suppose 114 - 14 = 5*m + 3*x, 4*x + 14 = 2*m. Calculate the highest common factor of j and m.
17
Suppose -s + 5*n - 22 = -3*s, 5*s + 4*n = 72. Let o = s - 8. Calculate the highest common divisor of o and 40.
8
Let i = 41 - 35. Calculate the greatest common divisor of 9 and i.
3
Let a be -15*(-4)/6*(-36)/(-20). Calculate the greatest common divisor of 144 and a.
18
Let f = -51 - -87. Suppose -4*r + 12 = 2*g - 3*g, 0 = -5*r + 20. Calculate the greatest common factor of g and f.
4
Let i = -38 + 90. Calculate the highest common divisor of i and 4.
4
Let q be 0 - 12/9*-3. Suppose -q*h + 36 + 84 = 0. What is the greatest common factor of 75 and h?
15
Suppose 0*h + 4*h + 28 = 0. Let r(b) = -b**3 - 7*b**2 - 7*b + 7. Let i be r(h). Calculate the highest common divisor of i and 8.
8
Suppose s + 3*s - 16 = 0. Let q(n) = 2*n - 2. Let a be q(s). Let d = a - 4. Calculate the greatest common factor of d and 16.
2
Let s(h) = -h**3 + 6*h**2 - h + 6. Let l be s(4). Calculate the highest common factor of l and 34.
34
Let q = -12 + 23. Suppose -3*b = -j - 13 - q, 5*b - 40 = 2*j. What is the greatest common divisor of b and 20?
4
Let x(v) = -v**2 - 11*v + 11. Let g be x(-12). Let y be (-33)/(0 + -3) - g. Calculate the highest common factor of y and 60.
12
Suppose -5*o = p - 26, 17 + 3 = 5*o - 5*p. Suppose -q + 2 = o*l - 13, l - 2*q + 8 = 0. Suppose j + 4*j - 30 = 0. What is the greatest common divisor of j and l?
2
Suppose 2*a = -3*a. Let f be 1 + a + (0 - -4). Calculate the highest common divisor of 30 and f.
5
Suppose -24 + 109 = 2*f - 5*p, -2*f + 4*p = -80. Calculate the greatest common divisor of 330 and f.
30
Let n = 129 - 9. Calculate the highest common factor of 24 and n.
24
Let w(c) = -c**2 + c + 362. Let y be w(0). Let r = -241 + y. Let l be (6/4)/(6/44). Calculate the highest common divisor of l and r.
11
Suppose 2*b - 30 - 5 = -f, -191 = -5*f - 2*b. Calculate the highest common factor of 26 and f.
13
Suppose 0 = 4*f + 2*c + 2 + 2, -3*c - 12 = 0. Let i be 2/(((-4)/(-210))/f). Let j = 14 + 1. Calculate the greatest common factor of j and i.
15
Suppose p - 3*f - 57 = 0, 5*p - f = 398 - 141. What is the highest common divisor of 34 and p?
17
Let m(t) = 2*t**2 - t. Let p(f) = -f**2 + f - 1. Let n(z) = -2*m(z) - 2*p(z). Let i be n(3). Let x = -8 - i. What is the greatest common factor of x and 56?
8
Let g(p) = 24*p**3 + 2*p**2 - p. Let w be g(1). Suppose -3*u - a + w = 2, 5*a - 31 = -u. Calculate the greatest common factor of u and 24.
6
Suppose 4*d - 8 = -4*s, 4*d = -4*s + 6*s - 4. Calculate the greatest common factor of s and 12.
2
Let p = -10 - -12. Let r be (-8 - p)/((-2)/4). What is the highest common divisor of r and 140?
20
Let z = -4 - -6. Let c be 36 + -2 + z + -3. Calculate the highest common factor of c and 3.
3
Let y(p) = p**3 + 15*p**2 - 16*p + 10. Let g be y(-16). Calculate the highest common divisor of 4 and g.
2
Let l be 278/1 + 0/(-1). Suppose d = -2*h - d + l, 4 = d. What is the greatest common divisor of h and 15?
15
Suppose 3*g - 1900 = -5*k, -5*g + 1161 - 37 = 3*k. Let h = 572 - k. What is the greatest common factor of h and 21?
21
Let h = 20 - 14. Let j = h - 0. Calculate the highest common factor of j and 12.
6
Let u(j) = 4*j - 6. Let c be u(7). Calculate the greatest common factor of 2 and c.
2
Let s be 18/27 - 25/(-3). Calculate the highest common factor of 45 and s.
9
Suppose 3*m = -0*m - 6. Let x be ((-30)/m - 1) + 0. Suppose -3*s - 3*y + 99 = 0, 1 -